05468.
2, 7, 1789481
List the prime factors of 3949940848.
2, 7, 35267329
What are the prime factors of 1008676196?
2, 11, 431, 53189
List the prime factors of 7571915728.
2, 13, 883, 41227
What are the prime factors of 401826206?
2, 137, 1466519
List the prime factors of 138608916.
2, 3, 11550743
List the prime factors of 576427307.
8501, 67807
What are the prime factors of 2321277575?
5, 92851103
What are the prime factors of 2343416426?
2, 13, 1433, 62897
List the prime factors of 5538461044.
2, 3203, 432287
What are the prime factors of 34818125?
5, 17, 29, 113
List the prime factors of 139754627.
139754627
What are the prime factors of 1132708234?
2, 7, 2939, 27529
What are the prime factors of 140457284?
2, 11, 290201
What are the prime factors of 580508620?
2, 5, 521, 55711
List the prime factors of 1985219723.
23, 86313901
What are the prime factors of 290068425?
3, 5, 429731
What are the prime factors of 18291126?
2, 3, 7, 435503
What are the prime factors of 638012841?
3, 212670947
List the prime factors of 203032738.
2, 41, 2476009
List the prime factors of 133467368.
2, 16683421
List the prime factors of 310264563.
3, 7, 14774503
What are the prime factors of 296475610?
2, 5, 2213, 13397
List the prime factors of 2078382.
2, 3, 346397
What are the prime factors of 2083397745?
3, 5, 11, 13, 971281
What are the prime factors of 2837672588?
2, 9857, 71971
List the prime factors of 390658739.
29, 173, 77867
What are the prime factors of 65591746?
2, 11, 17, 83, 2113
List the prime factors of 3054933000.
2, 3, 5, 7, 48491
What are the prime factors of 514989012?
2, 3, 73, 587887
What are the prime factors of 40346267?
13, 191, 16249
List the prime factors of 1059593890.
2, 5, 331, 320119
List the prime factors of 133967896.
2, 179, 93553
List the prime factors of 3560398675.
5, 3389, 42023
List the prime factors of 209635769.
7, 139, 4397
List the prime factors of 78921749.
78921749
List the prime factors of 1504541902.
2, 173, 509, 8543
What are the prime factors of 329396060?
2, 5, 7, 53, 103, 431
What are the prime factors of 582176051?
541, 1076111
List the prime factors of 66172859.
3907, 16937
List the prime factors of 23982824.
2, 2997853
List the prime factors of 147602583.
3, 19, 37, 41, 569
What are the prime factors of 14697434?
2, 41, 151, 1187
What are the prime factors of 20949630?
2, 3, 5, 13, 53717
List the prime factors of 678762522.
2, 3, 23, 241, 6803
What are the prime factors of 65291775?
3, 5, 139, 6263
List the prime factors of 24731464.
2, 17, 19, 563
List the prime factors of 173156672.
2, 13, 208121
What are the prime factors of 2912589159?
3, 31, 2251, 13913
List the prime factors of 660921791.
660921791
List the prime factors of 33887009.
13, 2606693
List the prime factors of 127847930.
2, 5, 7, 1826399
What are the prime factors of 8892873?
3, 11, 43, 2089
What are the prime factors of 175016353?
19, 9211387
What are the prime factors of 2920571988?
2, 3, 243380999
List the prime factors of 1870806836.
2, 467701709
List the prime factors of 529278356.
2, 132319589
What are the prime factors of 4797969?
3, 11, 347, 419
What are the prime factors of 2553968111?
137, 18642103
What are the prime factors of 213914630?
2, 5, 41, 521743
What are the prime factors of 277398480?
2, 3, 5, 19, 127, 479
What are the prime factors of 6584116?
2, 7, 11, 21377
List the prime factors of 243633358.
2, 17, 307, 1373
What are the prime factors of 603951468?
2, 3, 199, 252911
What are the prime factors of 388883069?
29, 13409761
List the prime factors of 4128045908.
2, 7, 47, 139, 22567
List the prime factors of 118484649.
3, 2749, 4789
List the prime factors of 282712561.
29, 9748709
List the prime factors of 388240700.
2, 5, 3882407
List the prime factors of 338625780.
2, 3, 5, 23, 59, 4159
What are the prime factors of 557479469?
557479469
List the prime factors of 683806055.
5, 47, 2909813
What are the prime factors of 85273673?
23, 271, 13681
What are the prime factors of 1076504817?
3, 1997, 179687
List the prime factors of 142061598.
2, 3, 7, 191, 5903
List the prime factors of 99480908.
2, 79, 314813
What are the prime factors of 2219280121?
2713, 818017
What are the prime factors of 586679805?
3, 5, 31, 67, 6277
List the prime factors of 433799987.
23, 18860869
What are the prime factors of 2092060561?
2092060561
List the prime factors of 222517779.
3, 11, 131, 51473
List the prime factors of 4080587357.
7, 11, 7570663
List the prime factors of 24601052.
2, 7, 878609
List the prime factors of 1164319932.
2, 3, 61, 409, 3889
List the prime factors of 6342171147.
3, 13, 17, 37, 86179
What are the prime factors of 26838868?
2, 7, 19, 7207
List the prime factors of 2942490639.
3, 11, 89166383
List the prime factors of 276161683.
7, 1291, 30559
List the prime factors of 2589669562.
2, 19, 68149199
What are the prime factors of 39797801?
59, 631, 1069
List the prime factors of 5763291237.
3, 11, 1291, 15031
List the prime factors of 145443254.
2, 11, 6611057
What are the prime factors of 336660215?
5, 419, 160697
What are the prime factors of 2937420779?
31, 61, 1553369
List the prime factors of 58025872.
2, 23, 157679
What are the prime factors of 1735435363?
1735435363
List the prime factors of 9429441562.
2, 19, 248143199
List the prime factors of 181861147.
13, 43, 325333
What are the prime factors of 30376951?
11, 23, 120067
List the prime factors of 53394928.
2, 137, 24359
List the prime factors of 785403401.
211, 3722291
What are the prime factors of 866993730?
2, 3, 5, 28899791
List the prime factors of 1832272476.
2, 3, 83, 1839631
List the prime factors of 1207984001.
7, 172569143
What are the prime factors of 576998415?
3, 5, 7, 1831741
What are the prime factors of 95436389?
95436389
List the prime factors of 27190194.
2, 3, 619, 7321
List the prime factors of 52425320.
2, 5, 1310633
What are the prime factors of 316224?
2, 3, 61
What are the prime factors of 104666942?
2, 79, 662449
List the prime factors of 1104315166.
2, 83, 6652501
What are the prime factors of 7991635?
5, 1598327
List the prime factors of 1176357957.
3, 3121, 125639
List the prime factors of 3485347415.
5, 11, 59, 1074067
List the prime factors of 200876934.
2, 3, 79, 423791
What are the prime factors of 73367660?
2, 5, 3668383
List the prime factors of 197433578.
2, 98716789
List the prime factors of 310375962.
2, 3, 13, 147377
What are the prime factors of 319988741?
97, 3298853
What are the prime factors of 1577547926?
2, 788773963
List the prime factors of 3166090627.
7, 53, 59, 109, 1327
What are the prime factors of 5934069272?
2, 151, 4912309
What are the prime factors of 253011074?
2, 563, 224699
List the prime factors of 12802670.
2, 5, 1280267
What are the prime factors of 931356?
2, 3, 41, 631
What are the prime factors of 2532638640?
2, 3, 5, 7, 73, 107, 193
What are the prime factors of 558803106?
2, 3, 109, 284813
What are the prime factors of 180868775?
5, 181, 39971
What are the prime factors of 2519837830?
2, 5, 53, 821, 5791
What are the prime factors of 214356809?
214356809
What are the prime factors of 219411191?
23, 3041, 3137
What are the prime factors of 1304823557?
23, 977, 58067
List the prime factors of 804758012.
2, 201189503
What are the prime factors of 107938865?
5, 17, 1269869
What are the prime factors of 318230308?
2, 11, 229, 31583
List the prime factors of 222273541.
7, 23, 37, 37313
What are the prime factors of 2644523242?
2, 1322261621
List the prime factors of 1699273509.
3, 239, 2369977
List the prime factors of 435883408.
2, 19, 149, 9623
What are the prime factors of 988176796?
2, 247044199
What are the prime factors of 25456535?
5, 13, 391639
List the prime factors of 13382811.
3, 13, 107, 1069
List the prime factors of 1592682376.
2, 199085297
List the prime factors of 35994737.
1493, 24109
What are the prime factors of 52460011?
17, 521, 5923
List the prime factors of 7668927136.
2, 13, 19, 970259
What are the prime factors of 269887633?
349, 773317
List the prime factors of 5204893754.
2, 2602446877
List the prime factors of 83716333.
83716333
List the prime factors of 5358921388.
2, 47, 28504901
List the prime factors of 44267618.
2, 41, 539849
What are the prime factors of 3882815154?
2, 3